{"id":18653,"date":"2019-04-26T09:42:25","date_gmt":"2019-04-26T08:42:25","guid":{"rendered":"https:\/\/www.idc-coaching.com\/_annuaires\/prive\/?post_type=portfolio_page&#038;p=18653\/"},"modified":"2021-10-05T11:03:28","modified_gmt":"2021-10-05T10:03:28","slug":"braillard-patrick","status":"publish","type":"portfolio_page","link":"https:\/\/www.idc-coaching.com\/_annuaires\/prive\/portfolio_page\/braillard-patrick\/","title":{"rendered":"PATRICK BRAILLARD &#8211; MASTER COACH CERTIFI\u00c9 IDC"},"content":{"rendered":"<h3><a href=\"https:\/\/www.idc-coaching.com\/_annuaires\/prive\/wp-content\/uploads\/2019\/04\/braillard-1.jpg\"><img loading=\"lazy\" decoding=\"async\" class=\"alignnone wp-image-18775 size-medium\" src=\"https:\/\/www.idc-coaching.com\/_annuaires\/prive\/wp-content\/uploads\/2019\/04\/braillard-1-200x300.jpg\" alt=\"\" width=\"200\" height=\"300\" srcset=\"https:\/\/www.idc-coaching.com\/_annuaires\/prive\/wp-content\/uploads\/2019\/04\/braillard-1-200x300.jpg 200w, https:\/\/www.idc-coaching.com\/_annuaires\/prive\/wp-content\/uploads\/2019\/04\/braillard-1.jpg 213w\" sizes=\"auto, (max-width: 200px) 100vw, 200px\" \/><\/a><\/h3>\n<h3>SP\u00c9CIALIT\u00c9 : COACHING D&rsquo;ENTREPRISE<\/h3>\n<ul>\n<li>Mon parcours personnel et professionnel<\/li>\n<\/ul>\n<p>Lorsque j\u2019ai perdu mes fonctions de formateur, suite \u00e0 une r\u00e9organisation, je me suis retrouv\u00e9 dans un \u00e9tat d\u2019esprit fragile et vuln\u00e9rable.<br \/>\nDans cette p\u00e9riode, je sais le soutien que j\u2019ai re\u00e7u de ma hi\u00e9rarchie et je leur en suis infiniment reconnaissant. En revanche, je sais \u00e9galement le soutien qui m\u2019a manqu\u00e9, ce que je tiens \u00e0 offrir \u00e0 toutes personnes qui vivent des moments professionnels difficiles.<\/p>\n<ul>\n<li>Ma sp\u00e9cificit\u00e9<\/li>\n<\/ul>\n<p>Coaching individuel &#8211; Pour toutes personnes en arr\u00eat maladie ou accident de plus de 30 jours, je propose un processus d\u2019accompagnement dans toutes les \u00e9tapes de la convalescence \u00e0 la reprise p\u00e9renne au travail.<\/p>\n<h3>CONTACT<\/h3>\n<p><em>Mobile : +41 79 929 09 10<\/em><\/p>\n<p><a href=\"patrick@braillard-coaching.ch\">patrick@braillard-coaching.ch<\/a><\/p>\n<p><a href=\"http:\/\/www.braillard-coaching.ch\">www.braillard-coaching.ch<\/a><\/p>\n","protected":false},"excerpt":{"rendered":"<p>SP\u00c9CIALIT\u00c9 : COACHING D&rsquo;ENTREPRISE Mon parcours personnel et professionnel Lorsque j\u2019ai perdu mes fonctions de formateur, suite \u00e0 une r\u00e9organisation, je me suis retrouv\u00e9 dans un \u00e9tat d\u2019esprit fragile et vuln\u00e9rable. Dans cette p\u00e9riode, je sais le soutien que j\u2019ai re\u00e7u de ma hi\u00e9rarchie et je leur en suis infiniment&#8230;<\/p>\n","protected":false},"author":3,"featured_media":0,"menu_order":0,"comment_status":"closed","ping_status":"closed","template":"","portfolio_category":[110],"portfolio_tag":[],"pays":[],"class_list":["post-18653","portfolio_page","type-portfolio_page","status-publish","hentry","portfolio_category-coachs-entreprises"],"acf":[],"_links":{"self":[{"href":"https:\/\/www.idc-coaching.com\/_annuaires\/prive\/wp-json\/wp\/v2\/portfolio_page\/18653","targetHints":{"allow":["GET"]}}],"collection":[{"href":"https:\/\/www.idc-coaching.com\/_annuaires\/prive\/wp-json\/wp\/v2\/portfolio_page"}],"about":[{"href":"https:\/\/www.idc-coaching.com\/_annuaires\/prive\/wp-json\/wp\/v2\/types\/portfolio_page"}],"author":[{"embeddable":true,"href":"https:\/\/www.idc-coaching.com\/_annuaires\/prive\/wp-json\/wp\/v2\/users\/3"}],"replies":[{"embeddable":true,"href":"https:\/\/www.idc-coaching.com\/_annuaires\/prive\/wp-json\/wp\/v2\/comments?post=18653"}],"wp:attachment":[{"href":"https:\/\/www.idc-coaching.com\/_annuaires\/prive\/wp-json\/wp\/v2\/media?parent=18653"}],"wp:term":[{"taxonomy":"portfolio_category","embeddable":true,"href":"https:\/\/www.idc-coaching.com\/_annuaires\/prive\/wp-json\/wp\/v2\/portfolio_category?post=18653"},{"taxonomy":"portfolio_tag","embeddable":true,"href":"https:\/\/www.idc-coaching.com\/_annuaires\/prive\/wp-json\/wp\/v2\/portfolio_tag?post=18653"},{"taxonomy":"pays","embeddable":true,"href":"https:\/\/www.idc-coaching.com\/_annuaires\/prive\/wp-json\/wp\/v2\/pays?post=18653"}],"curies":[{"name":"wp","href":"https:\/\/api.w.org\/{rel}","templated":true}]}}

PATRICK BRAILLARD &#8211; MASTER COACH CERTIFIÉ IDC

<h3><a href="https://www.idc-coaching.com/_annuaires/prive/wp-content/uploads/2019/04/braillard-1.jpg"><img loading="lazy" decoding="async" class="alignnone wp-image-18775 size-medium" src="https://www.idc-coaching.com/_annuaires/prive/wp-content/uploads/2019/04/braillard-1-200x300.jpg" alt="" width="200" height="300" srcset="https://www.idc-coaching.com/_annuaires/prive/wp-content/uploads/2019/04/braillard-1-200x300.jpg 200w, https://www.idc-coaching.com/_annuaires/prive/wp-content/uploads/2019/04/braillard-1.jpg 213w" sizes="auto, (max-width: 200px) 100vw, 200px" /></a></h3>
<h3>SPÉCIALITÉ : COACHING D&rsquo;ENTREPRISE</h3>
<ul>
<li>Mon parcours personnel et professionnel</li>
</ul>
<p>Lorsque j’ai perdu mes fonctions de formateur, suite à une réorganisation, je me suis retrouvé dans un état d’esprit fragile et vulnérable.<br />
Dans cette période, je sais le soutien que j’ai reçu de ma hiérarchie et je leur en suis infiniment reconnaissant. En revanche, je sais également le soutien qui m’a manqué, ce que je tiens à offrir à toutes personnes qui vivent des moments professionnels difficiles.</p>
<ul>
<li>Ma spécificité</li>
</ul>
<p>Coaching individuel &#8211; Pour toutes personnes en arrêt maladie ou accident de plus de 30 jours, je propose un processus d’accompagnement dans toutes les étapes de la convalescence à la reprise pérenne au travail.</p>
<h3>CONTACT</h3>
<p><em>Mobile : +41 79 929 09 10</em></p>
<p><a href="patrick@braillard-coaching.ch">patrick@braillard-coaching.ch</a></p>
<p><a href="http://www.braillard-coaching.ch">www.braillard-coaching.ch</a></p>

<p>SPÉCIALITÉ : COACHING D&rsquo;ENTREPRISE Mon parcours personnel et professionnel Lorsque j’ai perdu mes fonctions de formateur, suite à une réorganisation, je me suis retrouvé dans un état d’esprit fragile et vulnérable. Dans cette période, je sais le soutien que j’ai reçu de ma hiérarchie et je leur en suis infiniment&#8230;</p>
