{"id":18057,"date":"2016-03-23T12:36:03","date_gmt":"2016-03-23T11:36:03","guid":{"rendered":"http:\/\/www.idc-coaching.com\/_annuaires\/prive\/?post_type=portfolio_page&#038;p=18057"},"modified":"2017-04-04T14:32:27","modified_gmt":"2017-04-04T13:32:27","slug":"laffaire-philippe","status":"publish","type":"portfolio_page","link":"https:\/\/www.idc-coaching.com\/_annuaires\/prive\/portfolio_page\/laffaire-philippe\/","title":{"rendered":"LAFFAIRE PHILIPPE &#8211; MASTER COACH CERTIFI\u00c9 IDC \u2013 PCC\/ICF"},"content":{"rendered":"<h3>MA SP\u00c9CIFICIT\u00c9<\/h3>\n<p>Ma sp\u00e9cialit\u00e9 est l\u2019accompagnement individuel dans le cadre de transition de carri\u00e8re, de strat\u00e9gies\u00a0d\u2019\u00e9tudes pour les adolescents, de mont\u00e9e en puissance de r\u00f4le de manager et\/ou de chef\u00a0de projet, de situation d\u2019\u00e9puisement.<\/p>\n<p>&nbsp;<\/p>\n<h3>PARCOURS PERSONNEL ET PROFESSIONNEL<\/h3>\n<p>Dot\u00e9 d\u2019un bagage scientifique en biologie et informatique, J&rsquo;ai\u00a0travaill\u00e9 pendant 19 ans dans le domaine de la sant\u00e9, dans une entreprise internationale. \u00a0J&rsquo;ai pratiqu\u00e9 le management d\u2019\u00e9quipes scientifiques, la gestion de projet et le management de l\u2019innovation. Je me suis \u00e9galement form\u00e9 en M\u00e9decine Traditionnelle Chinoise. J&rsquo;ai une formation de Coach d\u2019entreprise et accompagne des managers dans leur performance, en prise de poste, transition de carri\u00e8re. Je suis superviseur dans l\u2019\u00e9quipe IDC.<\/p>\n<address>\u00a0<\/address>\n<h3>Contact<\/h3>\n<address>Route de Chippis 14<\/address>\n<address>CH-1950 SION\/VS<\/address>\n<address>Mobile 1 :\u00a0+41\u00a078 720 36 40<\/address>\n<address>Mobile 2 :\u00a0+41 79\u00a0177 03 14<\/address>\n<address>Email : <a href=\"mailto:lazer@pursens.ch\">lazer@pursens.ch<\/a><\/address>\n<address>Site Web : <a href=\"http:\/\/www.pursens.ch\">www.pursens.ch<\/a><\/address>\n","protected":false},"excerpt":{"rendered":"<p>MA SP\u00c9CIFICIT\u00c9 Ma sp\u00e9cialit\u00e9 est l\u2019accompagnement individuel dans le cadre de transition de carri\u00e8re, de strat\u00e9gies\u00a0d\u2019\u00e9tudes pour les adolescents, de mont\u00e9e en puissance de r\u00f4le de manager et\/ou de chef\u00a0de projet, de situation d\u2019\u00e9puisement. &nbsp; PARCOURS PERSONNEL ET PROFESSIONNEL Dot\u00e9 d\u2019un bagage scientifique en biologie et informatique, J&rsquo;ai\u00a0travaill\u00e9 pendant 19&#8230;<\/p>\n","protected":false},"author":1,"featured_media":0,"menu_order":0,"comment_status":"closed","ping_status":"closed","template":"","portfolio_category":[157,105],"portfolio_tag":[],"pays":[],"class_list":["post-18057","portfolio_page","type-portfolio_page","status-publish","hentry","portfolio_category-coachs-de-vie","portfolio_category-master-coachs"],"acf":[],"_links":{"self":[{"href":"https:\/\/www.idc-coaching.com\/_annuaires\/prive\/wp-json\/wp\/v2\/portfolio_page\/18057","targetHints":{"allow":["GET"]}}],"collection":[{"href":"https:\/\/www.idc-coaching.com\/_annuaires\/prive\/wp-json\/wp\/v2\/portfolio_page"}],"about":[{"href":"https:\/\/www.idc-coaching.com\/_annuaires\/prive\/wp-json\/wp\/v2\/types\/portfolio_page"}],"author":[{"embeddable":true,"href":"https:\/\/www.idc-coaching.com\/_annuaires\/prive\/wp-json\/wp\/v2\/users\/1"}],"replies":[{"embeddable":true,"href":"https:\/\/www.idc-coaching.com\/_annuaires\/prive\/wp-json\/wp\/v2\/comments?post=18057"}],"wp:attachment":[{"href":"https:\/\/www.idc-coaching.com\/_annuaires\/prive\/wp-json\/wp\/v2\/media?parent=18057"}],"wp:term":[{"taxonomy":"portfolio_category","embeddable":true,"href":"https:\/\/www.idc-coaching.com\/_annuaires\/prive\/wp-json\/wp\/v2\/portfolio_category?post=18057"},{"taxonomy":"portfolio_tag","embeddable":true,"href":"https:\/\/www.idc-coaching.com\/_annuaires\/prive\/wp-json\/wp\/v2\/portfolio_tag?post=18057"},{"taxonomy":"pays","embeddable":true,"href":"https:\/\/www.idc-coaching.com\/_annuaires\/prive\/wp-json\/wp\/v2\/pays?post=18057"}],"curies":[{"name":"wp","href":"https:\/\/api.w.org\/{rel}","templated":true}]}}

LAFFAIRE PHILIPPE &#8211; MASTER COACH CERTIFIÉ IDC – PCC/ICF

<h3>MA SPÉCIFICITÉ</h3>
<p>Ma spécialité est l’accompagnement individuel dans le cadre de transition de carrière, de stratégies d’études pour les adolescents, de montée en puissance de rôle de manager et/ou de chef de projet, de situation d’épuisement.</p>
<p>&nbsp;</p>
<h3>PARCOURS PERSONNEL ET PROFESSIONNEL</h3>
<p>Doté d’un bagage scientifique en biologie et informatique, J&rsquo;ai travaillé pendant 19 ans dans le domaine de la santé, dans une entreprise internationale.  J&rsquo;ai pratiqué le management d’équipes scientifiques, la gestion de projet et le management de l’innovation. Je me suis également formé en Médecine Traditionnelle Chinoise. J&rsquo;ai une formation de Coach d’entreprise et accompagne des managers dans leur performance, en prise de poste, transition de carrière. Je suis superviseur dans l’équipe IDC.</p>
<address> </address>
<h3>Contact</h3>
<address>Route de Chippis 14</address>
<address>CH-1950 SION/VS</address>
<address>Mobile 1 : +41 78 720 36 40</address>
<address>Mobile 2 : +41 79 177 03 14</address>
<address>Email : <a href="mailto:lazer@pursens.ch">lazer@pursens.ch</a></address>
<address>Site Web : <a href="http://www.pursens.ch">www.pursens.ch</a></address>

<p>MA SPÉCIFICITÉ Ma spécialité est l’accompagnement individuel dans le cadre de transition de carrière, de stratégies d’études pour les adolescents, de montée en puissance de rôle de manager et/ou de chef de projet, de situation d’épuisement. &nbsp; PARCOURS PERSONNEL ET PROFESSIONNEL Doté d’un bagage scientifique en biologie et informatique, J&rsquo;ai travaillé pendant 19&#8230;</p>
