{"id":17850,"date":"2016-03-21T09:17:49","date_gmt":"2016-03-21T08:17:49","guid":{"rendered":"http:\/\/www.idc-coaching.com\/_annuaires\/prive\/?post_type=portfolio_page&#038;p=17850"},"modified":"2016-03-21T14:27:21","modified_gmt":"2016-03-21T13:27:21","slug":"heiniger-jean-pierre","status":"publish","type":"portfolio_page","link":"https:\/\/www.idc-coaching.com\/_annuaires\/prive\/portfolio_page\/heiniger-jean-pierre\/","title":{"rendered":"HEINIGER JEAN-PIERRE \u2013 MASTER COACH CERTIFI\u00c9 IDC"},"content":{"rendered":"<h3>Ma sp\u00e9cificit\u00e9<\/h3>\n<p>Je suis sp\u00e9cialis\u00e9 dans l\u2019approche psychosociale qui s\u2019int\u00e9resse plus particuli\u00e8rement \u00e0 l\u2019interaction entre\u00a0l\u2019individu et le collectif ainsi qu\u2019au d\u00e9veloppement organisationnel. Il s\u2019agit donc d\u2019articuler\u00a0syst\u00e9miquement dans une intervention psychosociale l\u2019organisation, le groupe et l\u2019individu en vue d\u2019un\u00a0d\u00e9veloppement durable.<\/p>\n<h3><\/h3>\n<h3>Parcours personnel et professionnel<\/h3>\n<p>Je suis un consultant\/coach ind\u00e9pendant et j\u2019interviens \u00e0 la fois dans des organisations priv\u00e9es et\u00a0sociales. Depuis 2001, j\u2019interviens \u00e0 l\u2019IMD (Business School, Ouchy-Lausanne) dans le cadre des\u00a0programmes sur le leadership, la dynamique des groupes et le d\u00e9veloppement personnel. Je travaille\u00a0\u00e9galement comme personne ressource psychosociale pour une ONG (Terre des hommes \u2013 Lausanne)\u00a0sp\u00e9cialis\u00e9e dans l\u2019aide \u00e0 l\u2019enfance dans plus de 30 pays.<\/p>\n<h3><\/h3>\n<h3>Contact<\/h3>\n<p>POPLAR Ressources &amp; D\u00e9veloppement &#8211; S\u00e0rl<br \/>\nAu Bout du Monde &#8211; Epinette 9 &#8211; CH-1890 Mex<br \/>\nT\u00e9l\u00e9phone +41 27 767 18 62<br \/>\nPortable +41 79 404 37 34<br \/>\nwww.syllogos.ch<br \/>\njempi@omedia.ch<\/p>\n","protected":false},"excerpt":{"rendered":"<p>Ma sp\u00e9cificit\u00e9 Je suis sp\u00e9cialis\u00e9 dans l\u2019approche psychosociale qui s\u2019int\u00e9resse plus particuli\u00e8rement \u00e0 l\u2019interaction entre\u00a0l\u2019individu et le collectif ainsi qu\u2019au d\u00e9veloppement organisationnel. Il s\u2019agit donc d\u2019articuler\u00a0syst\u00e9miquement dans une intervention psychosociale l\u2019organisation, le groupe et l\u2019individu en vue d\u2019un\u00a0d\u00e9veloppement durable. Parcours personnel et professionnel Je suis un consultant\/coach ind\u00e9pendant et j\u2019interviens&#8230;<\/p>\n","protected":false},"author":1,"featured_media":0,"menu_order":0,"comment_status":"closed","ping_status":"closed","template":"","portfolio_category":[105],"portfolio_tag":[],"pays":[],"class_list":["post-17850","portfolio_page","type-portfolio_page","status-publish","hentry","portfolio_category-master-coachs"],"acf":[],"_links":{"self":[{"href":"https:\/\/www.idc-coaching.com\/_annuaires\/prive\/wp-json\/wp\/v2\/portfolio_page\/17850","targetHints":{"allow":["GET"]}}],"collection":[{"href":"https:\/\/www.idc-coaching.com\/_annuaires\/prive\/wp-json\/wp\/v2\/portfolio_page"}],"about":[{"href":"https:\/\/www.idc-coaching.com\/_annuaires\/prive\/wp-json\/wp\/v2\/types\/portfolio_page"}],"author":[{"embeddable":true,"href":"https:\/\/www.idc-coaching.com\/_annuaires\/prive\/wp-json\/wp\/v2\/users\/1"}],"replies":[{"embeddable":true,"href":"https:\/\/www.idc-coaching.com\/_annuaires\/prive\/wp-json\/wp\/v2\/comments?post=17850"}],"wp:attachment":[{"href":"https:\/\/www.idc-coaching.com\/_annuaires\/prive\/wp-json\/wp\/v2\/media?parent=17850"}],"wp:term":[{"taxonomy":"portfolio_category","embeddable":true,"href":"https:\/\/www.idc-coaching.com\/_annuaires\/prive\/wp-json\/wp\/v2\/portfolio_category?post=17850"},{"taxonomy":"portfolio_tag","embeddable":true,"href":"https:\/\/www.idc-coaching.com\/_annuaires\/prive\/wp-json\/wp\/v2\/portfolio_tag?post=17850"},{"taxonomy":"pays","embeddable":true,"href":"https:\/\/www.idc-coaching.com\/_annuaires\/prive\/wp-json\/wp\/v2\/pays?post=17850"}],"curies":[{"name":"wp","href":"https:\/\/api.w.org\/{rel}","templated":true}]}}

HEINIGER JEAN-PIERRE – MASTER COACH CERTIFIÉ IDC

<h3>Ma spécificité</h3>
<p>Je suis spécialisé dans l’approche psychosociale qui s’intéresse plus particulièrement à l’interaction entre l’individu et le collectif ainsi qu’au développement organisationnel. Il s’agit donc d’articuler systémiquement dans une intervention psychosociale l’organisation, le groupe et l’individu en vue d’un développement durable.</p>
<h3></h3>
<h3>Parcours personnel et professionnel</h3>
<p>Je suis un consultant/coach indépendant et j’interviens à la fois dans des organisations privées et sociales. Depuis 2001, j’interviens à l’IMD (Business School, Ouchy-Lausanne) dans le cadre des programmes sur le leadership, la dynamique des groupes et le développement personnel. Je travaille également comme personne ressource psychosociale pour une ONG (Terre des hommes – Lausanne) spécialisée dans l’aide à l’enfance dans plus de 30 pays.</p>
<h3></h3>
<h3>Contact</h3>
<p>POPLAR Ressources &amp; Développement &#8211; Sàrl<br />
Au Bout du Monde &#8211; Epinette 9 &#8211; CH-1890 Mex<br />
Téléphone +41 27 767 18 62<br />
Portable +41 79 404 37 34<br />
www.syllogos.ch<br />
jempi@omedia.ch</p>

<p>Ma spécificité Je suis spécialisé dans l’approche psychosociale qui s’intéresse plus particulièrement à l’interaction entre l’individu et le collectif ainsi qu’au développement organisationnel. Il s’agit donc d’articuler systémiquement dans une intervention psychosociale l’organisation, le groupe et l’individu en vue d’un développement durable. Parcours personnel et professionnel Je suis un consultant/coach indépendant et j’interviens&#8230;</p>
