{"id":17842,"date":"2016-03-20T22:44:42","date_gmt":"2016-03-20T21:44:42","guid":{"rendered":"http:\/\/www.idc-coaching.com\/_annuaires\/prive\/?post_type=portfolio_page&#038;p=17842"},"modified":"2016-03-21T14:45:41","modified_gmt":"2016-03-21T13:45:41","slug":"ducrot-nathalie-master-coach-certifie-idc","status":"publish","type":"portfolio_page","link":"https:\/\/www.idc-coaching.com\/_annuaires\/prive\/portfolio_page\/ducrot-nathalie-master-coach-certifie-idc\/","title":{"rendered":"DUCROT NATHALIE \u2013 MASTER COACH CERTIFI\u00c9 IDC"},"content":{"rendered":"<h3>Ma sp\u00e9cificit\u00e9<\/h3>\n<p>Par mes comp\u00e9tences crois\u00e9es de formatrice, consultante et coach professionnel, je d\u00e9cline les\u00a0applications de la psychologie positive et les utilise au coeur de ma pratique sur l\u2019axe du leadership, de la\u00a0motivation et de la communication. Je con\u00e7ois des programmes hybrides alliant formation, action et\u00a0coaching pour les meilleures performances des personnes et des groupes. Options \u00ab optimisme \u00bb en\u00a0conf\u00e9rence, workshop, coaching individuel ou d\u2019\u00e9quipe.<\/p>\n<h3><\/h3>\n<h3>Parcours personnel et professionnel<\/h3>\n<p>Longtemps Directrice G\u00e9n\u00e9rale d\u2019un groupe h\u00f4telier, j\u2019ai exp\u00e9riment\u00e9 les exigences du leadership et les\u00a0meilleures pratiques du management des \u00e9quipes. Comme coach professionnel, c\u2019est avec passion que\u00a0j\u2019oriente ma pratique, mes apprentissages et mes recherches vers l\u2019alliance du plaisir et de la\u00a0performance. Je suis l\u2019auteur de \u00ab Mieux au Travail \u00bb et de diverses autres parutions. Un roman de\u00a0fiction sp\u00e9culative est en cours d\u2019\u00e9criture, pour raconter l\u2019histoire de nos motivations profondes.<\/p>\n<h3><\/h3>\n<h3>Contact<\/h3>\n<p>Pro OPTIM<br \/>\nPlace de la Fusterie, 7 &#8211; 1204 &#8211; GENEVE<br \/>\nT\u00e9l: +33 (0) 450 31 00 00<br \/>\nMobile: +41 76 758 03 87<br \/>\nwww.prooptim.com<br \/>\nducrotnat@prooptim.com<\/p>\n","protected":false},"excerpt":{"rendered":"<p>Ma sp\u00e9cificit\u00e9 Par mes comp\u00e9tences crois\u00e9es de formatrice, consultante et coach professionnel, je d\u00e9cline les\u00a0applications de la psychologie positive et les utilise au coeur de ma pratique sur l\u2019axe du leadership, de la\u00a0motivation et de la communication. Je con\u00e7ois des programmes hybrides alliant formation, action et\u00a0coaching pour les meilleures performances&#8230;<\/p>\n","protected":false},"author":1,"featured_media":0,"menu_order":0,"comment_status":"closed","ping_status":"closed","template":"","portfolio_category":[105],"portfolio_tag":[],"pays":[],"class_list":["post-17842","portfolio_page","type-portfolio_page","status-publish","hentry","portfolio_category-master-coachs"],"acf":[],"_links":{"self":[{"href":"https:\/\/www.idc-coaching.com\/_annuaires\/prive\/wp-json\/wp\/v2\/portfolio_page\/17842","targetHints":{"allow":["GET"]}}],"collection":[{"href":"https:\/\/www.idc-coaching.com\/_annuaires\/prive\/wp-json\/wp\/v2\/portfolio_page"}],"about":[{"href":"https:\/\/www.idc-coaching.com\/_annuaires\/prive\/wp-json\/wp\/v2\/types\/portfolio_page"}],"author":[{"embeddable":true,"href":"https:\/\/www.idc-coaching.com\/_annuaires\/prive\/wp-json\/wp\/v2\/users\/1"}],"replies":[{"embeddable":true,"href":"https:\/\/www.idc-coaching.com\/_annuaires\/prive\/wp-json\/wp\/v2\/comments?post=17842"}],"wp:attachment":[{"href":"https:\/\/www.idc-coaching.com\/_annuaires\/prive\/wp-json\/wp\/v2\/media?parent=17842"}],"wp:term":[{"taxonomy":"portfolio_category","embeddable":true,"href":"https:\/\/www.idc-coaching.com\/_annuaires\/prive\/wp-json\/wp\/v2\/portfolio_category?post=17842"},{"taxonomy":"portfolio_tag","embeddable":true,"href":"https:\/\/www.idc-coaching.com\/_annuaires\/prive\/wp-json\/wp\/v2\/portfolio_tag?post=17842"},{"taxonomy":"pays","embeddable":true,"href":"https:\/\/www.idc-coaching.com\/_annuaires\/prive\/wp-json\/wp\/v2\/pays?post=17842"}],"curies":[{"name":"wp","href":"https:\/\/api.w.org\/{rel}","templated":true}]}}

DUCROT NATHALIE – MASTER COACH CERTIFIÉ IDC

<h3>Ma spécificité</h3>
<p>Par mes compétences croisées de formatrice, consultante et coach professionnel, je décline les applications de la psychologie positive et les utilise au coeur de ma pratique sur l’axe du leadership, de la motivation et de la communication. Je conçois des programmes hybrides alliant formation, action et coaching pour les meilleures performances des personnes et des groupes. Options « optimisme » en conférence, workshop, coaching individuel ou d’équipe.</p>
<h3></h3>
<h3>Parcours personnel et professionnel</h3>
<p>Longtemps Directrice Générale d’un groupe hôtelier, j’ai expérimenté les exigences du leadership et les meilleures pratiques du management des équipes. Comme coach professionnel, c’est avec passion que j’oriente ma pratique, mes apprentissages et mes recherches vers l’alliance du plaisir et de la performance. Je suis l’auteur de « Mieux au Travail » et de diverses autres parutions. Un roman de fiction spéculative est en cours d’écriture, pour raconter l’histoire de nos motivations profondes.</p>
<h3></h3>
<h3>Contact</h3>
<p>Pro OPTIM<br />
Place de la Fusterie, 7 &#8211; 1204 &#8211; GENEVE<br />
Tél: +33 (0) 450 31 00 00<br />
Mobile: +41 76 758 03 87<br />
www.prooptim.com<br />
ducrotnat@prooptim.com</p>

<p>Ma spécificité Par mes compétences croisées de formatrice, consultante et coach professionnel, je décline les applications de la psychologie positive et les utilise au coeur de ma pratique sur l’axe du leadership, de la motivation et de la communication. Je conçois des programmes hybrides alliant formation, action et coaching pour les meilleures performances&#8230;</p>
